te the remainder when 1143653622 is divided by 9.
6
What is the remainder when 10236043 is divided by 13?
12
Calculate the remainder when 17072128 is divided by 22.
18
Calculate the remainder when 6999986 is divided by 2000.
1986
Calculate the remainder when 588436 is divided by 4357.
241
Calculate the remainder when 31570 is divided by 1747.
124
What is the remainder when 61798 is divided by 297?
22
Calculate the remainder when 71114945 is divided by 36.
5
Calculate the remainder when 1095639 is divided by 547811.
17
What is the remainder when 36231617 is divided by 18115803?
11
Calculate the remainder when 1708304 is divided by 1361.
249
What is the remainder when 6464 is divided by 3911?
2553
What is the remainder when 75476853 is divided by 2539?
0
Calculate the remainder when 12433265 is divided by 153497.
8
What is the remainder when 305979379 is divided by 52?
43
What is the remainder when 1135374700 is divided by 4269?
4267
What is the remainder when 2241409 is divided by 23844?
73
What is the remainder when 38756 is divided by 2870?
1446
Calculate the remainder when 4638215 is divided by 1546031.
122
Calculate the remainder when 261566 is divided by 5603.
3828
What is the remainder when 58164311 is divided by 85?
1
Calculate the remainder when 77938 is divided by 1168.
850
What is the remainder when 1059498 is divided by 341?
11
What is the remainder when 178515 is divided by 16?
3
What is the remainder when 961563 is divided by 9913?
2
Calculate the remainder when 137376 is divided by 1018.
964
Calculate the remainder when 6574982 is divided by 328728.
422
What is the remainder when 108560 is divided by 15377?
921
Calculate the remainder when 24013022 is divided by 112.
110
What is the remainder when 13089120 is divided by 175?
170
What is the remainder when 3617 is divided by 862?
169
What is the remainder when 177116 is divided by 770?
16
What is the remainder when 953309 is divided by 9533?
9
Calculate the remainder when 1998850 is divided by 1391.
1374
What is the remainder when 695141960 is divided by 68?
60
Calculate the remainder when 116474 is divided by 2534.
2444
What is the remainder when 99651475 is divided by 16?
3
Calculate the remainder when 5218689 is divided by 1250.
1189
Calculate the remainder when 1484610 is divided by 322.
190
What is the remainder when 282313 is divided by 5426?
161
What is the remainder when 3035578 is divided by 38?
24
What is the remainder when 39169711 is divided by 253?
251
Calculate the remainder when 16000341 is divided by 231889.
0
Calculate the remainder when 149012 is divided by 37194.
236
Calculate the remainder when 129460 is divided by 64600.
260
What is the remainder when 544444 is divided by 826?
110
What is the remainder when 3047409 is divided by 474?
63
What is the remainder when 2457761 is divided by 48190?
71
What is the remainder when 49865730 is divided by 4025?
5
Calculate the remainder when 6900515 is divided by 1182.
1181
What is the remainder when 1007521 is divided by 13801?
48
Calculate the remainder when 3081878 is divided by 99415.
13
Calculate the remainder when 2053113 is divided by 81.
6
What is the remainder when 12447478 is divided by 4149152?
22
What is the remainder when 693223 is divided by 19256?
7
Calculate the remainder when 537904 is divided by 67203.
280
Calculate the remainder when 29750169 is divided by 110.
9
What is the remainder when 415478 is divided by 1433?
1341
What is the remainder when 104533 is divided by 11610?
43
What is the remainder when 857854 is divided by 7395?
34
Calculate the remainder when 5852052 is divided by 6279.
24
What is the remainder when 199107 is divided by 15309?
90
Calculate the remainder when 12638502 is divided by 1824.
6
Calculate the remainder when 545628 is divided by 36345.
453
What is the remainder when 14469495 is divided by 14?
5
Calculate the remainder when 73946 is divided by 3272.
1962
Calculate the remainder when 262606 is divided by 8058.
4750
What is the remainder when 76909 is divided by 37993?
923
What is the remainder when 2509 is divided by 388?
181
Calculate the remainder when 1022517 is divided by 672.
405
What is the remainder when 993983 is divided by 496982?
19
Calculate the remainder when 26405092 is divided by 2537.
2533
What is the remainder when 620150 is divided by 394?
388
What is the remainder when 6803522 is divided by 91?
89
What is the remainder when 545444156 is divided by 34?
6
Calculate the remainder when 16483524 is divided by 65934.
24
Calculate the remainder when 50768741 is divided by 111.
5
Calculate the remainder when 817650 is divided by 596.
534
Calculate the remainder when 64637 is divided by 809.
726
Calculate the remainder when 49263552 is divided by 879.
876
Calculate the remainder when 20448 is divided by 6802.
42
Calculate the remainder when 360168 is divided by 265.
33
What is the remainder when 566421 is divided by 185?
136
What is the remainder when 4122107 is divided by 274807?
2
What is the remainder when 25636520 is divided by 183118?
0
Calculate the remainder when 414819 is divided by 103704.
3
Calculate the remainder when 1138397498 is divided by 3875.
3873
What is the remainder when 25117945 is divided by 41?
33
What is the remainder when 684709 is divided by 228177?
178
What is the remainder when 1665305 is divided by 185021?
116
Calculate the remainder when 3938269 is divided by 17.
15
What is the remainder when 436647 is divided by 372?
291
Calculate the remainder when 58481 is divided by 78.
59
What is the remainder when 16682028 is divided by 1668195?
78
Calculate the remainder when 334518 is divided by 3879.
924
What is the remainder when 54745 is divided by 3662?
3477
Calculate the remainder when 71581 is divided by 764.
529
What is the remainder when 169373026 is divided by 5292907?
2
Calculate the remainder when 10763516 is divided by 4363.
4358
What is the remainder when 804614 is divided by 2006?
208
Calculate the remainder when 1816576 is divided by 14.
6
Calculate the remainder when 1118024 is divided by 279504.
8
Calculate the remainder when 476068 is divided by 676.
164
Calculate the remainder when 49305 is divided by 4393.
982
What is the remainder when 61202399 is divided by 15300597?
11
What is the remainder when 379619 is divided by 189806?
7
What is the remainder when 165942 is divided by 41452?
134
Calculate the remainder when 2596105 is divided by 649021.
21
What is the remainder when 107302 is divided by 21449?
57
What is the remainder when 2113766 is divided by 7469?
39
What is the remainder when 72140456 is divided by 3133?
3131
Calculate the remainder when 241629 is divided by 287.
262
Calculate the remainder when 327944 is divided by 1003.
966
Calculate the remainder when 342203 is divided by 312.
251
What is the remainder when 7298370 is divided by 217?
9
What is the remainder when 42344197 is divided by 1008195?
7
Calculate the remainder when 4267845 is divided by 1422608.
21
What is the remainder when 26119348 is divided by 1536431?
21
What is the remainder when 51308592 is divided by 363?
357
What is the remainder when 14599565 is divided by 134?
131
What is the remainder when 113399721 is divided by 31?
16
Calculate the remainder when 183503 is divided by 201.
191
What is the remainder when 87082900 is divided by 13755?
13750
Calculate the remainder when 143464 is divided by 47457.
1093
What is the remainder when 23615444 is divided by 2951930?
4
Calculate the remainder when 19930142 is divided by 178.
16
What is the remainder when 75961847 is divided by 4674?
4673
What is the remainder when 10316301 is divided by 7?
2
What is the remainder when 152651 is divided by 8978?
25
Calculate the remainder when 644134 is divided by 174.
160
Calculate the remainder when 369896 is divided by 73836.
716
Calculate the remainder when 2162581 is divided by 83176.
5
Calculate the remainder when 447669 is divided by 1230.
1179
Calculate the remainder when 4167892 is divided by 471.
13
What is the remainder when 29326835 is divided by 154?
153
Calculate the remainder when 21662154 is divided by 866.
30
Calculate the remainder when 1937890 is divided by 15755.
25
Calculate the remainder when 615186 is divided by 1667.
63
Calculate the remaind